{"id":15,"date":"2020-11-12T14:32:46","date_gmt":"2020-11-12T14:32:46","guid":{"rendered":"http:\/\/cankasap.com\/?page_id=15"},"modified":"2020-11-13T16:29:52","modified_gmt":"2020-11-13T16:29:52","slug":"dana-urunleri","status":"publish","type":"page","link":"http:\/\/cankasap.com\/index.php\/dana-urunleri\/","title":{"rendered":"Dana \u00dcr\u00fcnleri"},"content":{"rendered":"\n<figure class=\"wp-block-gallery columns-3 is-cropped\"><ul class=\"blocks-gallery-grid\"><li class=\"blocks-gallery-item\"><figure><img loading=\"lazy\" width=\"1024\" height=\"683\" src=\"http:\/\/cankasap.com\/wp-content\/uploads\/2020\/11\/Fotolia_57133079_Subscription_XXL-1024x683.jpg\" alt=\"\" data-id=\"188\" data-full-url=\"http:\/\/cankasap.com\/wp-content\/uploads\/2020\/11\/Fotolia_57133079_Subscription_XXL-scaled.jpg\" data-link=\"http:\/\/cankasap.com\/index.php\/dana-urunleri\/6d893a37-51fc-4409-b478-7a49396c4ba0\/\" class=\"wp-image-188\" srcset=\"http:\/\/cankasap.com\/wp-content\/uploads\/2020\/11\/Fotolia_57133079_Subscription_XXL-1024x683.jpg 1024w, http:\/\/cankasap.com\/wp-content\/uploads\/2020\/11\/Fotolia_57133079_Subscription_XXL-300x200.jpg 300w, http:\/\/cankasap.com\/wp-content\/uploads\/2020\/11\/Fotolia_57133079_Subscription_XXL-768x512.jpg 768w, http:\/\/cankasap.com\/wp-content\/uploads\/2020\/11\/Fotolia_57133079_Subscription_XXL-1536x1024.jpg 1536w, http:\/\/cankasap.com\/wp-content\/uploads\/2020\/11\/Fotolia_57133079_Subscription_XXL-2048x1365.jpg 2048w\" sizes=\"(max-width: 1024px) 100vw, 1024px\" \/><\/figure><\/li><li class=\"blocks-gallery-item\"><figure><img loading=\"lazy\" width=\"683\" height=\"1024\" src=\"http:\/\/cankasap.com\/wp-content\/uploads\/2020\/11\/Fotolia_80930917_Subscription_XXL-683x1024.jpg\" alt=\"\" data-id=\"191\" data-full-url=\"http:\/\/cankasap.com\/wp-content\/uploads\/2020\/11\/Fotolia_80930917_Subscription_XXL-scaled.jpg\" data-link=\"http:\/\/cankasap.com\/index.php\/dana-urunleri\/raw-beef-steak-with-spices-and-herbs\/\" class=\"wp-image-191\" srcset=\"http:\/\/cankasap.com\/wp-content\/uploads\/2020\/11\/Fotolia_80930917_Subscription_XXL-683x1024.jpg 683w, http:\/\/cankasap.com\/wp-content\/uploads\/2020\/11\/Fotolia_80930917_Subscription_XXL-200x300.jpg 200w, http:\/\/cankasap.com\/wp-content\/uploads\/2020\/11\/Fotolia_80930917_Subscription_XXL-768x1151.jpg 768w, http:\/\/cankasap.com\/wp-content\/uploads\/2020\/11\/Fotolia_80930917_Subscription_XXL-1025x1536.jpg 1025w, http:\/\/cankasap.com\/wp-content\/uploads\/2020\/11\/Fotolia_80930917_Subscription_XXL-1367x2048.jpg 1367w, http:\/\/cankasap.com\/wp-content\/uploads\/2020\/11\/Fotolia_80930917_Subscription_XXL-scaled.jpg 1709w\" sizes=\"(max-width: 683px) 100vw, 683px\" \/><\/figure><\/li><li class=\"blocks-gallery-item\"><figure><img loading=\"lazy\" width=\"738\" height=\"1024\" src=\"http:\/\/cankasap.com\/wp-content\/uploads\/2020\/11\/shutterstock_120485587-738x1024.jpg\" alt=\"\" data-id=\"192\" data-full-url=\"http:\/\/cankasap.com\/wp-content\/uploads\/2020\/11\/shutterstock_120485587-scaled.jpg\" data-link=\"http:\/\/cankasap.com\/index.php\/dana-urunleri\/shutterstock_120485587\/\" class=\"wp-image-192\" srcset=\"http:\/\/cankasap.com\/wp-content\/uploads\/2020\/11\/shutterstock_120485587-738x1024.jpg 738w, http:\/\/cankasap.com\/wp-content\/uploads\/2020\/11\/shutterstock_120485587-216x300.jpg 216w, http:\/\/cankasap.com\/wp-content\/uploads\/2020\/11\/shutterstock_120485587-768x1066.jpg 768w, http:\/\/cankasap.com\/wp-content\/uploads\/2020\/11\/shutterstock_120485587-1107x1536.jpg 1107w, http:\/\/cankasap.com\/wp-content\/uploads\/2020\/11\/shutterstock_120485587-1476x2048.jpg 1476w, http:\/\/cankasap.com\/wp-content\/uploads\/2020\/11\/shutterstock_120485587-scaled.jpg 1845w\" sizes=\"(max-width: 738px) 100vw, 738px\" \/><\/figure><\/li><li class=\"blocks-gallery-item\"><figure><img loading=\"lazy\" width=\"683\" height=\"1024\" src=\"http:\/\/cankasap.com\/wp-content\/uploads\/2020\/11\/shutterstock_166235807-683x1024.jpg\" alt=\"\" data-id=\"194\" data-full-url=\"http:\/\/cankasap.com\/wp-content\/uploads\/2020\/11\/shutterstock_166235807-scaled.jpg\" data-link=\"http:\/\/cankasap.com\/index.php\/dana-urunleri\/shutterstock_166235807\/\" class=\"wp-image-194\" srcset=\"http:\/\/cankasap.com\/wp-content\/uploads\/2020\/11\/shutterstock_166235807-683x1024.jpg 683w, http:\/\/cankasap.com\/wp-content\/uploads\/2020\/11\/shutterstock_166235807-200x300.jpg 200w, http:\/\/cankasap.com\/wp-content\/uploads\/2020\/11\/shutterstock_166235807-768x1151.jpg 768w, http:\/\/cankasap.com\/wp-content\/uploads\/2020\/11\/shutterstock_166235807-1025x1536.jpg 1025w, http:\/\/cankasap.com\/wp-content\/uploads\/2020\/11\/shutterstock_166235807-1367x2048.jpg 1367w, http:\/\/cankasap.com\/wp-content\/uploads\/2020\/11\/shutterstock_166235807-scaled.jpg 1708w\" sizes=\"(max-width: 683px) 100vw, 683px\" \/><\/figure><\/li><li class=\"blocks-gallery-item\"><figure><img loading=\"lazy\" width=\"900\" height=\"1024\" src=\"http:\/\/cankasap.com\/wp-content\/uploads\/2020\/11\/shutterstock_312012377-900x1024.jpg\" alt=\"\" data-id=\"196\" data-full-url=\"http:\/\/cankasap.com\/wp-content\/uploads\/2020\/11\/shutterstock_312012377-scaled.jpg\" data-link=\"http:\/\/cankasap.com\/index.php\/dana-urunleri\/shutterstock_312012377\/\" class=\"wp-image-196\" srcset=\"http:\/\/cankasap.com\/wp-content\/uploads\/2020\/11\/shutterstock_312012377-900x1024.jpg 900w, http:\/\/cankasap.com\/wp-content\/uploads\/2020\/11\/shutterstock_312012377-264x300.jpg 264w, http:\/\/cankasap.com\/wp-content\/uploads\/2020\/11\/shutterstock_312012377-768x874.jpg 768w, http:\/\/cankasap.com\/wp-content\/uploads\/2020\/11\/shutterstock_312012377-1350x1536.jpg 1350w, http:\/\/cankasap.com\/wp-content\/uploads\/2020\/11\/shutterstock_312012377-1800x2048.jpg 1800w\" sizes=\"(max-width: 900px) 100vw, 900px\" \/><\/figure><\/li><li class=\"blocks-gallery-item\"><figure><img loading=\"lazy\" width=\"1024\" height=\"683\" src=\"http:\/\/cankasap.com\/wp-content\/uploads\/2020\/11\/shutterstock_312737261-1024x683.jpg\" alt=\"\" data-id=\"197\" data-full-url=\"http:\/\/cankasap.com\/wp-content\/uploads\/2020\/11\/shutterstock_312737261-scaled.jpg\" data-link=\"http:\/\/cankasap.com\/index.php\/dana-urunleri\/shutterstock_312737261\/\" class=\"wp-image-197\" srcset=\"http:\/\/cankasap.com\/wp-content\/uploads\/2020\/11\/shutterstock_312737261-1024x683.jpg 1024w, http:\/\/cankasap.com\/wp-content\/uploads\/2020\/11\/shutterstock_312737261-300x200.jpg 300w, http:\/\/cankasap.com\/wp-content\/uploads\/2020\/11\/shutterstock_312737261-768x512.jpg 768w, http:\/\/cankasap.com\/wp-content\/uploads\/2020\/11\/shutterstock_312737261-1536x1024.jpg 1536w, http:\/\/cankasap.com\/wp-content\/uploads\/2020\/11\/shutterstock_312737261-2048x1365.jpg 2048w\" sizes=\"(max-width: 1024px) 100vw, 1024px\" \/><\/figure><\/li><li class=\"blocks-gallery-item\"><figure><img loading=\"lazy\" width=\"1024\" height=\"683\" src=\"http:\/\/cankasap.com\/wp-content\/uploads\/2020\/11\/Fotolia_63808842_Subscription_L-1024x683.jpg\" alt=\"\" data-id=\"186\" data-link=\"http:\/\/cankasap.com\/index.php\/dana-urunleri\/assorted-raw-beef-meat\/\" class=\"wp-image-186\" srcset=\"http:\/\/cankasap.com\/wp-content\/uploads\/2020\/11\/Fotolia_63808842_Subscription_L-1024x683.jpg 1024w, http:\/\/cankasap.com\/wp-content\/uploads\/2020\/11\/Fotolia_63808842_Subscription_L-300x200.jpg 300w, http:\/\/cankasap.com\/wp-content\/uploads\/2020\/11\/Fotolia_63808842_Subscription_L-768x512.jpg 768w, http:\/\/cankasap.com\/wp-content\/uploads\/2020\/11\/Fotolia_63808842_Subscription_L-1536x1024.jpg 1536w, http:\/\/cankasap.com\/wp-content\/uploads\/2020\/11\/Fotolia_63808842_Subscription_L-2048x1365.jpg 2048w\" sizes=\"(max-width: 1024px) 100vw, 1024px\" \/><\/figure><\/li><\/ul><\/figure>\n\n\n\n<figure class=\"wp-block-table is-style-regular\"><table><tbody><tr><td class=\"has-text-align-center\" data-align=\"center\">Ku\u015fba\u015f\u0131 \u00dcr\u00fcnleri<br><img src=\"http:\/\/cankasap.com\/wp-content\/uploads\/2020\/11\/kusbasi-1-1024x684.jpg\" alt=\"Bu g\u00f6rsel bo\u015f bir alt niteli\u011fe sahip; dosya ad\u0131 kusbasi-1-1024x684.jpg\"><\/td><td class=\"has-text-align-center\" data-align=\"center\">K\u0131yma \u00dcr\u00fcnleri<br><img src=\"http:\/\/cankasap.com\/wp-content\/uploads\/2020\/11\/kiyma-1024x684.jpg\" alt=\"Bu g\u00f6rsel bo\u015f bir alt niteli\u011fe sahip; dosya ad\u0131 kiyma-1024x684.jpg\"><\/td><td class=\"has-text-align-center\" data-align=\"center\">Pirzola \u00dcr\u00fcnleri<br><img src=\"http:\/\/cankasap.com\/wp-content\/uploads\/2020\/11\/pirzola.jpg\" alt=\"Bu g\u00f6rsel bo\u015f bir alt niteli\u011fe sahip; dosya ad\u0131 pirzola.jpg\"><\/td><\/tr><tr><td class=\"has-text-align-center\" data-align=\"center\">Antrikot \u00dcr\u00fcnleri<br><img src=\"http:\/\/cankasap.com\/wp-content\/uploads\/2020\/11\/antrikot-1024x684.jpg\" alt=\"Bu g\u00f6rsel bo\u015f bir alt niteli\u011fe sahip; dosya ad\u0131 antrikot-1024x684.jpg\"><\/td><td class=\"has-text-align-center\" data-align=\"center\">Bonfile \u00dcr\u00fcnleri<br><img src=\"http:\/\/cankasap.com\/wp-content\/uploads\/2020\/11\/bonfile-1024x684.jpg\" alt=\"Bu g\u00f6rsel bo\u015f bir alt niteli\u011fe sahip; dosya ad\u0131 bonfile-1024x684.jpg\"><\/td><td class=\"has-text-align-center\" data-align=\"center\">Sucuk \u00dcr\u00fcnleri<br><img src=\"http:\/\/cankasap.com\/wp-content\/uploads\/2020\/11\/sucuk-1024x683.jpg\" alt=\"Bu g\u00f6rsel bo\u015f bir alt niteli\u011fe sahip; dosya ad\u0131 sucuk-1024x683.jpg\"><\/td><\/tr><\/tbody><\/table><\/figure>\n\n\n\n<p><\/p>\n","protected":false},"excerpt":{"rendered":"<p>Ku\u015fba\u015f\u0131 \u00dcr\u00fcnleri K\u0131yma \u00dcr\u00fcnleri Pirzola \u00dcr\u00fcnleri Antrikot \u00dcr\u00fcnleri Bonfile \u00dcr\u00fcnleri Sucuk \u00dcr\u00fcnleri<\/p>\n","protected":false},"author":1,"featured_media":0,"parent":0,"menu_order":0,"comment_status":"closed","ping_status":"closed","template":"","meta":[],"_links":{"self":[{"href":"http:\/\/cankasap.com\/index.php\/wp-json\/wp\/v2\/pages\/15"}],"collection":[{"href":"http:\/\/cankasap.com\/index.php\/wp-json\/wp\/v2\/pages"}],"about":[{"href":"http:\/\/cankasap.com\/index.php\/wp-json\/wp\/v2\/types\/page"}],"author":[{"embeddable":true,"href":"http:\/\/cankasap.com\/index.php\/wp-json\/wp\/v2\/users\/1"}],"replies":[{"embeddable":true,"href":"http:\/\/cankasap.com\/index.php\/wp-json\/wp\/v2\/comments?post=15"}],"version-history":[{"count":26,"href":"http:\/\/cankasap.com\/index.php\/wp-json\/wp\/v2\/pages\/15\/revisions"}],"predecessor-version":[{"id":200,"href":"http:\/\/cankasap.com\/index.php\/wp-json\/wp\/v2\/pages\/15\/revisions\/200"}],"wp:attachment":[{"href":"http:\/\/cankasap.com\/index.php\/wp-json\/wp\/v2\/media?parent=15"}],"curies":[{"name":"wp","href":"https:\/\/api.w.org\/{rel}","templated":true}]}}